of 111?
True
Is 5 a factor of 1271?
False
Is 10 a factor of 4546?
False
Does 60 divide 2131?
False
Is 381 a multiple of 5?
False
Is 45474 a multiple of 11?
True
Is 28 a factor of 28?
True
Does 5 divide 183?
False
Is 293 a factor of 41899?
True
Does 51 divide 15555?
True
Is 237 a multiple of 6?
False
Does 9 divide 8784?
True
Is 9708 a multiple of 65?
False
Is 620 a multiple of 31?
True
Does 195 divide 12197?
False
Is 72 a factor of 5392?
False
Is 590 a multiple of 29?
False
Is 3000 a multiple of 6?
True
Is 262 a multiple of 6?
False
Is 4590 a multiple of 56?
False
Does 35 divide 280?
True
Is 35 a factor of 630?
True
Does 5 divide 4287?
False
Is 38423 a multiple of 40?
False
Does 33 divide 5882?
False
Does 40 divide 400?
True
Does 24 divide 1246?
False
Is 15984 a multiple of 108?
True
Is 15630 a multiple of 15?
True
Is 11757 a multiple of 13?
False
Does 277 divide 15235?
True
Is 24 a factor of 12432?
True
Is 1312 a multiple of 95?
False
Does 117 divide 112203?
True
Is 59 a factor of 2596?
True
Does 29 divide 29?
True
Is 32 a factor of 1251?
False
Is 49370 a multiple of 20?
False
Is 2320 a multiple of 51?
False
Is 1071 a multiple of 51?
True
Is 44 a factor of 63272?
True
Does 90 divide 49590?
True
Is 10010 a multiple of 119?
False
Does 11 divide 1221?
True
Is 27 a factor of 623?
False
Does 118 divide 34810?
True
Is 36 a factor of 985?
False
Does 279 divide 118141?
False
Is 16 a factor of 384?
True
Is 11410 a multiple of 31?
False
Is 82 a multiple of 82?
True
Does 81 divide 12785?
False
Is 39 a factor of 312?
True
Does 108 divide 52911?
False
Is 111 even?
False
Does 25 divide 8074?
False
Is 24 a factor of 6744?
True
Is 5635 a multiple of 35?
True
Does 3 divide 3600?
True
Is 298 a multiple of 2?
True
Does 25 divide 825?
True
Does 50 divide 14363?
False
Is 13 a factor of 1209?
True
Does 210 divide 43890?
True
Is 264 a multiple of 6?
True
Is 16613 a multiple of 17?
False
Is 846 a multiple of 18?
True
Does 48 divide 1248?
True
Does 10 divide 13715?
False
Does 19 divide 380?
True
Is 1351 a multiple of 17?
False
Is 165 a factor of 6105?
True
Is 12144 a multiple of 37?
False
Is 60053 a multiple of 161?
True
Is 88755 a multiple of 54?
False
Is 27 a factor of 8694?
True
Does 16 divide 172?
False
Is 857 a multiple of 7?
False
Is 535 a multiple of 149?
False
Is 59 a factor of 59?
True
Is 20519 a multiple of 71?
True
Is 113575 a multiple of 184?
False
Is 7 a factor of 1225?
True
Is 864 a multiple of 27?
True
Is 4186 a multiple of 26?
True
Does 80 divide 4080?
True
Is 62 a factor of 38750?
True
Is 743 a multiple of 5?
False
Does 69 divide 3243?
True
Is 5 a factor of 26985?
True
Is 4402 a multiple of 31?
True
Is 108 a multiple of 3?
True
Is 11 a factor of 7413?
False
Is 15 a factor of 4033?
False
Is 63 a multiple of 7?
True
Is 72 a factor of 30528?
True
Is 78 a factor of 34320?
True
Is 3404 a multiple of 23?
True
Does 113 divide 3390?
True
Is 11 a factor of 5456?
True
Does 6 divide 21115?
False
Is 15 a factor of 7129?
False
Is 234 a factor of 16934?
False
Is 567 a multiple of 27?
True
Is 2227 a multiple of 17?
True
Is 10 a factor of 113?
False
Is 132878 a multiple of 119?
False
Does 52 divide 874?
False
Is 12 a factor of 384?
True
Is 20802 a multiple of 135?
False
Is 850 a multiple of 17?
True
Does 4 divide 542?
False
Does 15 divide 1065?
True
Is 8 a factor of 800?
True
Does 35 divide 21000?
True
Is 1081 a multiple of 7?
False
Is 200 a multiple of 7?
False
Does 6 divide 2898?
True
Does 22 divide 1429?
False
Does 33 divide 6071?
False
Is 144 a multiple of 4?
True
Does 12 divide 1032?
True
Does 8 divide 296?
True
Is 12138 a multiple of 42?
True
Is 3903 a multiple of 256?
False
Is 254 a multiple of 3?
False
Is 3 a factor of 3805?
False
Is 2551 a multiple of 24?
False
Does 8 divide 28?
False
Does 106 divide 30740?
True
Is 30084 a multiple of 138?
True
Is 39 a factor of 337?
False
Is 16608 a multiple of 100?
False
Is 3195 a multiple of 71?
True
Does 14 divide 9375?
False
Does 19 divide 239?
False
Is 16 a factor of 20548?
False
Is 63 a factor of 47502?
True
Does 112 divide 40318?
False
Is 456 a multiple of 37?
False
Is 4005 a multiple of 9?
True
Does 11 divide 1157?
False
Does 118 divide 5310?
True
Is 12 a multiple of 2?
True
Does 35 divide 7608?
False
Is 19920 a multiple of 44?
False
Does 5 divide 1665?
True
Is 25 a factor of 850?
True
Does 22 divide 3520?
True
Does 9 divide 1386?
True
Is 4290 a multiple of 13?
True
Is 7 a factor of 1848?
True
Is 2 a factor of 32?
True
Does 103 divide 1735?
False
Is 74 a factor of 1850?
True
Is 29940 a multiple of 39?
False
Does 47 divide 61429?
True
Does 55 divide 770?
True
Does 234 divide 16146?
True
Does 32 divide 3648?
True
Is 13014 a multiple of 9?
True
Does 68 divide 5100?
True
Does 9 divide 19012?
False
Is 46 a factor of 11914?
True
Does 4 divide 68?
True
Is 5612 a multiple of 61?
True
Is 5565 a multiple of 83?
False
Is 52414 a multiple of 282?
False
Is 10 a factor of 322?
False
Is 8537 a multiple of 13?
False
Is 532 a multiple of 64?
False
Does 8 divide 773?
False
Does 75 divide 133?
False
Does 65 divide 1472?
False
Is 8 a factor of 28880?
True
Is 323 a multiple of 3?
False
Is 92 a multiple of 33?
False
Is 4 a factor of 67?
False
Is 120 a multiple of 21?
False
Is 2911 a multiple of 71?
True
Does 26 divide 1898?
True
Is 5 a factor of 1248?
False
Is 589 a multiple of 5?
False
Does 13 divide 195?
True
Is 10 a factor of 3530?
True
Does 76 divide 12048?
False
Is 23 a factor of 1699?
False
Is 10 a factor of 1171?
False
Is 3 a factor of 327?
True
Is 49 a factor of 641?
False
Is 1036 a multiple of 9?
False
Is 13052 a multiple of 216?
False
Is 4932 a multiple of 36?
True
Is 1516 a multiple of 13?
False
Is 16510 a multiple of 86?
False
Is 1318 a multiple of 40?
False
Is 26 a multiple of 6?
False
Is 14 a factor of 100?
False
Does 12 divide 2223?
False
Is 13 a factor of 1872?
True
Is 4 a factor of 1967?
False
Is 756 a multiple of 12?
True
Is 561 a multiple of 3?
True
Is 1003 a multiple of 5?
False
Does 86 divide 481?
False
Is 14 a factor of 564?
False
Does 17 divide 30089?
False
Is 16 a factor of 233?
False
Is 21 a factor of 73165?
False
Is 8380 a multiple of 10?
True
Is 10 a factor of 10480?
True
Is 1379 a multiple of 5?
False
Is 33 a factor of 726?
True
Is 555 a multiple of 15?
True
Does 35 divide 411?
False
Is 2102 a multiple of 32?
False
Is 833 a multiple of 27?
False
Is 125 a factor of 42250?
True
Does 3 divide 4044?
True
Does 23 divide 15537?
False
Does 42 divide 1330?
False
Does 43 divide 4472?
True
Is 11258 a multiple of 6?
False
Is 63 a factor of 10143?
True
Is 3 a factor of 240?
True
Is 35 a factor of 7060?
False
Is 630 a multiple of 10?
True
Is 4 a factor of 7992?
True
Is 4 a factor of 36?
True
Is 966 a multiple of 7?
True
Does 31 divide 21018?
True
Is 8918 a multiple of 26?
True
Does 63 divide 1134?
True
Does 36 divide 131?
False
Is 67 a factor of 41882?
False
Is 10 a factor of 48?
False
Is 10281 a multiple of 6?
False
Is 7 a factor of 41452?
False
Is 6029 a multiple of 10?
False
Does 11 divide 5509?
False
Is 692 a multiple of 3?
False
Is 3 a factor of 15?
True
Is 1859 a multiple of 11?
True
Does 136 divide 5984?
True
Is 9366 a multiple of 5?
False
Is 457 a multiple of 13?
False
Is 546 a multiple of 13?
True
Is 307 a multiple of 50?
False
Does 14 divide 619?
False
Is 179 a factor of 55863?
False
Is 6045 a multiple of 15?
True
Does 11 divide 508?
False
Is 57500 a multiple of 20?
True
Is 789 a multiple of 263?
True
Does 13 divide 3838?
False
Is 48 a multiple of 2?
True
Is 292 a multiple of 8?
False
Is 17 a factor of 1684?
False
Is 78 a factor of 19733?
False
Does 6 divide 1350?
True
Is 11388 a multiple of 219?
True
Does 2 divide 626?
True
Is 20 a factor of 6400?
True
Does 16 divide 59182?
False
Does 2 divide 12?
True
Is 148 a multiple of 17?
False
Is 234 a multiple of 78?
True
Is 11 a factor of 451?
True
Is 1830 a multiple of 10?
True
Does 6 divide 9757?
False
Does 15 divide 330?
True
Is 26 a factor of 2366?
True
Is 33 a factor of 33759?
True
Is 9752 a multiple of 8?
True
Is 50 a factor of 10100?
True
Is 73 a factor of 2113?
False
Is 96 a multiple of 6?
True
Is 29 a factor of 1257?
False
Is 27 a factor of 253?
False
Is 33 a factor of 283?
False
Does 9 divide 50157?
True
Does 39 divide 1638?
True
Is 12240 a multiple of 15?